{"id":98,"date":"2023-08-22T04:01:55","date_gmt":"2023-08-22T02:01:55","guid":{"rendered":"https:\/\/camuroproducciones.cl\/?page_id=98"},"modified":"2023-08-24T04:39:51","modified_gmt":"2023-08-24T02:39:51","slug":"quienes-somos","status":"publish","type":"page","link":"https:\/\/camuroproducciones.cl\/?page_id=98","title":{"rendered":"Quienes somos"},"content":{"rendered":"\t\t<div data-elementor-type=\"wp-page\" data-elementor-id=\"98\" class=\"elementor elementor-98\" data-elementor-post-type=\"page\">\n\t\t\t\t\t\t\t\t\t<section class=\"elementor-section elementor-top-section elementor-element elementor-element-2a3k6un elementor-section-boxed elementor-section-height-default elementor-section-height-default\" data-id=\"2a3k6un\" data-element_type=\"section\" data-settings=\"{&quot;background_background&quot;:&quot;classic&quot;}\">\n\t\t\t\t\t\t<div class=\"elementor-container elementor-column-gap-no\">\n\t\t\t\t\t<div class=\"elementor-column elementor-col-100 elementor-top-column elementor-element elementor-element-121cbfa\" data-id=\"121cbfa\" data-element_type=\"column\">\n\t\t\t<div class=\"elementor-widget-wrap elementor-element-populated\">\n\t\t\t\t\t\t\t\t<section class=\"elementor-section elementor-inner-section elementor-element elementor-element-9111219 elementor-section-content-middle elementor-section-boxed elementor-section-height-default elementor-section-height-default\" data-id=\"9111219\" data-element_type=\"section\" data-settings=\"{&quot;background_background&quot;:&quot;classic&quot;}\">\n\t\t\t\t\t\t<div class=\"elementor-container elementor-column-gap-no\">\n\t\t\t\t\t<div class=\"elementor-column elementor-col-50 elementor-inner-column elementor-element elementor-element-a37cf24\" data-id=\"a37cf24\" data-element_type=\"column\">\n\t\t\t<div class=\"elementor-widget-wrap elementor-element-populated\">\n\t\t\t\t\t\t\t\t<div class=\"elementor-element elementor-element-ce22d3f elementor-widget elementor-widget-image\" data-id=\"ce22d3f\" data-element_type=\"widget\" data-widget_type=\"image.default\">\n\t\t\t\t<div class=\"elementor-widget-container\">\n\t\t\t<style>\/*! elementor - v3.16.0 - 14-09-2023 *\/\n.elementor-widget-image{text-align:center}.elementor-widget-image a{display:inline-block}.elementor-widget-image a img[src$=\".svg\"]{width:48px}.elementor-widget-image img{vertical-align:middle;display:inline-block}<\/style>\t\t\t\t\t\t\t\t\t\t\t\t<img loading=\"lazy\" decoding=\"async\" width=\"2066\" height=\"2564\" src=\"https:\/\/camuroproducciones.cl\/wp-content\/uploads\/2023\/08\/Captura-de-pantalla-2023-08-21-a-las-22.13.06.png\" class=\"attachment-full size-full wp-image-114\" alt=\"\" srcset=\"https:\/\/camuroproducciones.cl\/wp-content\/uploads\/2023\/08\/Captura-de-pantalla-2023-08-21-a-las-22.13.06.png 2066w, https:\/\/camuroproducciones.cl\/wp-content\/uploads\/2023\/08\/Captura-de-pantalla-2023-08-21-a-las-22.13.06-242x300.png 242w, https:\/\/camuroproducciones.cl\/wp-content\/uploads\/2023\/08\/Captura-de-pantalla-2023-08-21-a-las-22.13.06-825x1024.png 825w, https:\/\/camuroproducciones.cl\/wp-content\/uploads\/2023\/08\/Captura-de-pantalla-2023-08-21-a-las-22.13.06-768x953.png 768w, https:\/\/camuroproducciones.cl\/wp-content\/uploads\/2023\/08\/Captura-de-pantalla-2023-08-21-a-las-22.13.06-1238x1536.png 1238w, https:\/\/camuroproducciones.cl\/wp-content\/uploads\/2023\/08\/Captura-de-pantalla-2023-08-21-a-las-22.13.06-1650x2048.png 1650w, https:\/\/camuroproducciones.cl\/wp-content\/uploads\/2023\/08\/Captura-de-pantalla-2023-08-21-a-las-22.13.06-600x745.png 600w\" sizes=\"(max-width: 2066px) 100vw, 2066px\" \/>\t\t\t\t\t\t\t\t\t\t\t\t\t\t\t<\/div>\n\t\t\t\t<\/div>\n\t\t\t\t\t<\/div>\n\t\t<\/div>\n\t\t\t\t<div class=\"elementor-column elementor-col-50 elementor-inner-column elementor-element elementor-element-2adcb08\" data-id=\"2adcb08\" data-element_type=\"column\">\n\t\t\t<div class=\"elementor-widget-wrap elementor-element-populated\">\n\t\t\t\t\t\t\t\t<div class=\"elementor-element elementor-element-66a1790 elementor-vertical-align-top elementor-widget elementor-widget-image-box\" data-id=\"66a1790\" data-element_type=\"widget\" data-widget_type=\"image-box.default\">\n\t\t\t\t<div class=\"elementor-widget-container\">\n\t\t\t<style>\/*! elementor - v3.16.0 - 14-09-2023 *\/\n.elementor-widget-image-box .elementor-image-box-content{width:100%}@media (min-width:768px){.elementor-widget-image-box.elementor-position-left .elementor-image-box-wrapper,.elementor-widget-image-box.elementor-position-right .elementor-image-box-wrapper{display:flex}.elementor-widget-image-box.elementor-position-right .elementor-image-box-wrapper{text-align:right;flex-direction:row-reverse}.elementor-widget-image-box.elementor-position-left .elementor-image-box-wrapper{text-align:left;flex-direction:row}.elementor-widget-image-box.elementor-position-top .elementor-image-box-img{margin:auto}.elementor-widget-image-box.elementor-vertical-align-top .elementor-image-box-wrapper{align-items:flex-start}.elementor-widget-image-box.elementor-vertical-align-middle .elementor-image-box-wrapper{align-items:center}.elementor-widget-image-box.elementor-vertical-align-bottom .elementor-image-box-wrapper{align-items:flex-end}}@media (max-width:767px){.elementor-widget-image-box .elementor-image-box-img{margin-left:auto!important;margin-right:auto!important;margin-bottom:15px}}.elementor-widget-image-box .elementor-image-box-img{display:inline-block}.elementor-widget-image-box .elementor-image-box-title a{color:inherit}.elementor-widget-image-box .elementor-image-box-wrapper{text-align:center}.elementor-widget-image-box .elementor-image-box-description{margin:0}<\/style><div class=\"elementor-image-box-wrapper\"><div class=\"elementor-image-box-content\"><h4 class=\"elementor-image-box-title\">Nancy Sepulveda <\/h4><p class=\"elementor-image-box-description\">\n<\/p><\/div><\/div>\t\t<\/div>\n\t\t\t\t<\/div>\n\t\t\t\t<div class=\"elementor-element elementor-element-4076e41 elementor-widget elementor-widget-text-editor\" data-id=\"4076e41\" data-element_type=\"widget\" data-widget_type=\"text-editor.default\">\n\t\t\t\t<div class=\"elementor-widget-container\">\n\t\t\t<style>\/*! elementor - v3.16.0 - 14-09-2023 *\/\n.elementor-widget-text-editor.elementor-drop-cap-view-stacked .elementor-drop-cap{background-color:#69727d;color:#fff}.elementor-widget-text-editor.elementor-drop-cap-view-framed .elementor-drop-cap{color:#69727d;border:3px solid;background-color:transparent}.elementor-widget-text-editor:not(.elementor-drop-cap-view-default) .elementor-drop-cap{margin-top:8px}.elementor-widget-text-editor:not(.elementor-drop-cap-view-default) .elementor-drop-cap-letter{width:1em;height:1em}.elementor-widget-text-editor .elementor-drop-cap{float:left;text-align:center;line-height:1;font-size:50px}.elementor-widget-text-editor .elementor-drop-cap-letter{display:inline-block}<\/style>\t\t\t\tDise\u00f1adora Esc\u00e9nica,Funcionaria y docente en el Departamento de Teatro de la Facultad de Artes de la Universidad de Chile.\nCreadora y directora de Camuro Producciones\t\t\t\t\t\t<\/div>\n\t\t\t\t<\/div>\n\t\t\t\t\t<\/div>\n\t\t<\/div>\n\t\t\t\t\t\t\t<\/div>\n\t\t<\/section>\n\t\t\t\t<section class=\"elementor-section elementor-inner-section elementor-element elementor-element-bd2da33 elementor-section-content-middle elementor-reverse-mobile elementor-section-boxed elementor-section-height-default elementor-section-height-default\" data-id=\"bd2da33\" data-element_type=\"section\">\n\t\t\t\t\t\t<div class=\"elementor-container elementor-column-gap-no\">\n\t\t\t\t\t<div class=\"elementor-column elementor-col-50 elementor-inner-column elementor-element elementor-element-2a9fb9e\" data-id=\"2a9fb9e\" data-element_type=\"column\">\n\t\t\t<div class=\"elementor-widget-wrap elementor-element-populated\">\n\t\t\t\t\t\t\t\t<div class=\"elementor-element elementor-element-f48f04c elementor-vertical-align-top elementor-widget elementor-widget-image-box\" data-id=\"f48f04c\" data-element_type=\"widget\" data-widget_type=\"image-box.default\">\n\t\t\t\t<div class=\"elementor-widget-container\">\n\t\t\t<div class=\"elementor-image-box-wrapper\"><div class=\"elementor-image-box-content\"><h4 class=\"elementor-image-box-title\">Oscar A. Bahamondes <\/h4><\/div><\/div>\t\t<\/div>\n\t\t\t\t<\/div>\n\t\t\t\t<div class=\"elementor-element elementor-element-86377cb elementor-widget elementor-widget-text-editor\" data-id=\"86377cb\" data-element_type=\"widget\" data-widget_type=\"text-editor.default\">\n\t\t\t\t<div class=\"elementor-widget-container\">\n\t\t\t\t\t\t\tComunicador Audiovisual y Recreador Hist\u00f3rico desde 2013.\nUno de los fundadores de la agrupaci\u00f3n hist\u00f3rica Nahr al ass\u00ed, recreaci\u00f3n medieval de oriente medio.\nFot\u00f3grafo, Editor  y realizador de vestuario en Camuro Producciones.\n\t\t\t\t\t\t<\/div>\n\t\t\t\t<\/div>\n\t\t\t\t\t<\/div>\n\t\t<\/div>\n\t\t\t\t<div class=\"elementor-column elementor-col-50 elementor-inner-column elementor-element elementor-element-82c1f3f\" data-id=\"82c1f3f\" data-element_type=\"column\">\n\t\t\t<div class=\"elementor-widget-wrap elementor-element-populated\">\n\t\t\t\t\t\t\t\t<div class=\"elementor-element elementor-element-28c9e0a elementor-widget__width-initial elementor-widget elementor-widget-image\" data-id=\"28c9e0a\" data-element_type=\"widget\" data-widget_type=\"image.default\">\n\t\t\t\t<div class=\"elementor-widget-container\">\n\t\t\t\t\t\t\t\t\t\t\t\t\t\t\t<img loading=\"lazy\" decoding=\"async\" width=\"800\" height=\"992\" src=\"https:\/\/camuroproducciones.cl\/wp-content\/uploads\/2023\/08\/Captura-de-pantalla-2023-08-21-a-las-22.13.17-826x1024.png\" class=\"attachment-large size-large wp-image-115\" alt=\"\" srcset=\"https:\/\/camuroproducciones.cl\/wp-content\/uploads\/2023\/08\/Captura-de-pantalla-2023-08-21-a-las-22.13.17-826x1024.png 826w, https:\/\/camuroproducciones.cl\/wp-content\/uploads\/2023\/08\/Captura-de-pantalla-2023-08-21-a-las-22.13.17-242x300.png 242w, https:\/\/camuroproducciones.cl\/wp-content\/uploads\/2023\/08\/Captura-de-pantalla-2023-08-21-a-las-22.13.17-768x952.png 768w, https:\/\/camuroproducciones.cl\/wp-content\/uploads\/2023\/08\/Captura-de-pantalla-2023-08-21-a-las-22.13.17-1239x1536.png 1239w, https:\/\/camuroproducciones.cl\/wp-content\/uploads\/2023\/08\/Captura-de-pantalla-2023-08-21-a-las-22.13.17-1652x2048.png 1652w, https:\/\/camuroproducciones.cl\/wp-content\/uploads\/2023\/08\/Captura-de-pantalla-2023-08-21-a-las-22.13.17-600x744.png 600w\" sizes=\"(max-width: 800px) 100vw, 800px\" \/>\t\t\t\t\t\t\t\t\t\t\t\t\t\t\t<\/div>\n\t\t\t\t<\/div>\n\t\t\t\t\t<\/div>\n\t\t<\/div>\n\t\t\t\t\t\t\t<\/div>\n\t\t<\/section>\n\t\t\t\t<section class=\"elementor-section elementor-inner-section elementor-element elementor-element-d5162b0 elementor-section-content-middle elementor-reverse-mobile elementor-section-boxed elementor-section-height-default elementor-section-height-default\" data-id=\"d5162b0\" data-element_type=\"section\" data-settings=\"{&quot;background_background&quot;:&quot;classic&quot;}\">\n\t\t\t\t\t\t<div class=\"elementor-container elementor-column-gap-no\">\n\t\t\t\t\t<div class=\"elementor-column elementor-col-50 elementor-inner-column elementor-element elementor-element-210901b\" data-id=\"210901b\" data-element_type=\"column\">\n\t\t\t<div class=\"elementor-widget-wrap elementor-element-populated\">\n\t\t\t\t\t\t\t\t<div class=\"elementor-element elementor-element-a14ecd0 elementor-widget elementor-widget-image\" data-id=\"a14ecd0\" data-element_type=\"widget\" data-widget_type=\"image.default\">\n\t\t\t\t<div class=\"elementor-widget-container\">\n\t\t\t\t\t\t\t\t\t\t\t\t\t\t\t<img loading=\"lazy\" decoding=\"async\" width=\"800\" height=\"997\" src=\"https:\/\/camuroproducciones.cl\/wp-content\/uploads\/2023\/08\/Captura-de-pantalla-2023-08-21-a-las-22.06.32-822x1024.png\" class=\"attachment-large size-large wp-image-112\" alt=\"\" srcset=\"https:\/\/camuroproducciones.cl\/wp-content\/uploads\/2023\/08\/Captura-de-pantalla-2023-08-21-a-las-22.06.32-822x1024.png 822w, https:\/\/camuroproducciones.cl\/wp-content\/uploads\/2023\/08\/Captura-de-pantalla-2023-08-21-a-las-22.06.32-241x300.png 241w, https:\/\/camuroproducciones.cl\/wp-content\/uploads\/2023\/08\/Captura-de-pantalla-2023-08-21-a-las-22.06.32-768x957.png 768w, https:\/\/camuroproducciones.cl\/wp-content\/uploads\/2023\/08\/Captura-de-pantalla-2023-08-21-a-las-22.06.32-1232x1536.png 1232w, https:\/\/camuroproducciones.cl\/wp-content\/uploads\/2023\/08\/Captura-de-pantalla-2023-08-21-a-las-22.06.32-1643x2048.png 1643w, https:\/\/camuroproducciones.cl\/wp-content\/uploads\/2023\/08\/Captura-de-pantalla-2023-08-21-a-las-22.06.32-600x748.png 600w\" sizes=\"(max-width: 800px) 100vw, 800px\" \/>\t\t\t\t\t\t\t\t\t\t\t\t\t\t\t<\/div>\n\t\t\t\t<\/div>\n\t\t\t\t\t<\/div>\n\t\t<\/div>\n\t\t\t\t<div class=\"elementor-column elementor-col-50 elementor-inner-column elementor-element elementor-element-1c0b98e\" data-id=\"1c0b98e\" data-element_type=\"column\">\n\t\t\t<div class=\"elementor-widget-wrap elementor-element-populated\">\n\t\t\t\t\t\t\t\t<div class=\"elementor-element elementor-element-c8c2e89 elementor-vertical-align-top elementor-widget elementor-widget-image-box\" data-id=\"c8c2e89\" data-element_type=\"widget\" data-widget_type=\"image-box.default\">\n\t\t\t\t<div class=\"elementor-widget-container\">\n\t\t\t<div class=\"elementor-image-box-wrapper\"><div class=\"elementor-image-box-content\"><h4 class=\"elementor-image-box-title\">Yanina Loza Poveda<\/h4><\/div><\/div>\t\t<\/div>\n\t\t\t\t<\/div>\n\t\t\t\t<div class=\"elementor-element elementor-element-df16954 elementor-widget elementor-widget-text-editor\" data-id=\"df16954\" data-element_type=\"widget\" data-widget_type=\"text-editor.default\">\n\t\t\t\t<div class=\"elementor-widget-container\">\n\t\t\t\t\t\t\tDise\u00f1adora teatral enfocada en el \u00e1rea de vestuario y nuevas tecnolog\u00edas. Fot\u00f3grafa y realizadora de vestuario en Camuro Producciones. Aficionada a la fantas\u00eda y el cosplay.\n\t\t\t\t\t\t<\/div>\n\t\t\t\t<\/div>\n\t\t\t\t\t<\/div>\n\t\t<\/div>\n\t\t\t\t\t\t\t<\/div>\n\t\t<\/section>\n\t\t\t\t<section class=\"elementor-section elementor-inner-section elementor-element elementor-element-92ac19a elementor-section-content-middle elementor-reverse-mobile elementor-section-boxed elementor-section-height-default elementor-section-height-default\" data-id=\"92ac19a\" data-element_type=\"section\">\n\t\t\t\t\t\t<div class=\"elementor-container elementor-column-gap-no\">\n\t\t\t\t\t<div class=\"elementor-column elementor-col-50 elementor-inner-column elementor-element elementor-element-cbfb403\" data-id=\"cbfb403\" data-element_type=\"column\">\n\t\t\t<div class=\"elementor-widget-wrap elementor-element-populated\">\n\t\t\t\t\t\t\t\t<div class=\"elementor-element elementor-element-8084c26 elementor-vertical-align-top elementor-widget elementor-widget-image-box\" data-id=\"8084c26\" data-element_type=\"widget\" data-widget_type=\"image-box.default\">\n\t\t\t\t<div class=\"elementor-widget-container\">\n\t\t\t<div class=\"elementor-image-box-wrapper\"><div class=\"elementor-image-box-content\"><h4 class=\"elementor-image-box-title\"><span class=\"elementor-image-box-title elementor-inline-editing pen\" data-elementor-setting-key=\"title_text\" data-elementor-inline-editing-toolbar=\"none\" data-pen-placeholder=\"Teclea aqu\u00ed...\" style=\"margin-block: 0.5rem 1rem; line-height: 1.2; font-size: 1.5rem; outline-color: currentcolor; outline-style: none;\">G\u00e9nesis Nabehelek<\/span><\/h4><\/div><\/div>\t\t<\/div>\n\t\t\t\t<\/div>\n\t\t\t\t<div class=\"elementor-element elementor-element-9a65445 elementor-widget elementor-widget-text-editor\" data-id=\"9a65445\" data-element_type=\"widget\" data-widget_type=\"text-editor.default\">\n\t\t\t\t<div class=\"elementor-widget-container\">\n\t\t\t\t\t\t\t<p>Licenciada en Artes menci\u00f3n Dise\u00f1o Teatral y Diplomada en Pr\u00e1cticas Psicoartisticas. Facilitadora, Dise\u00f1adora Integral y Realizadora de Vestuario. Encargada de Asistencia de Producci\u00f3n en Camuro Producciones.<\/p>\t\t\t\t\t\t<\/div>\n\t\t\t\t<\/div>\n\t\t\t\t\t<\/div>\n\t\t<\/div>\n\t\t\t\t<div class=\"elementor-column elementor-col-50 elementor-inner-column elementor-element elementor-element-ffe21f4\" data-id=\"ffe21f4\" data-element_type=\"column\">\n\t\t\t<div class=\"elementor-widget-wrap elementor-element-populated\">\n\t\t\t\t\t\t\t\t<div class=\"elementor-element elementor-element-9a736c4 elementor-widget elementor-widget-image\" data-id=\"9a736c4\" data-element_type=\"widget\" data-widget_type=\"image.default\">\n\t\t\t\t<div class=\"elementor-widget-container\">\n\t\t\t\t\t\t\t\t\t\t\t\t\t\t\t<img loading=\"lazy\" decoding=\"async\" width=\"3000\" height=\"3000\" src=\"https:\/\/camuroproducciones.cl\/wp-content\/uploads\/2023\/08\/camuro-logo-paleta-de-color-2.png\" class=\"attachment-full size-full wp-image-28\" alt=\"\" srcset=\"https:\/\/camuroproducciones.cl\/wp-content\/uploads\/2023\/08\/camuro-logo-paleta-de-color-2.png 3000w, https:\/\/camuroproducciones.cl\/wp-content\/uploads\/2023\/08\/camuro-logo-paleta-de-color-2-300x300.png 300w, https:\/\/camuroproducciones.cl\/wp-content\/uploads\/2023\/08\/camuro-logo-paleta-de-color-2-1024x1024.png 1024w, https:\/\/camuroproducciones.cl\/wp-content\/uploads\/2023\/08\/camuro-logo-paleta-de-color-2-150x150.png 150w, https:\/\/camuroproducciones.cl\/wp-content\/uploads\/2023\/08\/camuro-logo-paleta-de-color-2-768x768.png 768w, https:\/\/camuroproducciones.cl\/wp-content\/uploads\/2023\/08\/camuro-logo-paleta-de-color-2-1536x1536.png 1536w, https:\/\/camuroproducciones.cl\/wp-content\/uploads\/2023\/08\/camuro-logo-paleta-de-color-2-2048x2048.png 2048w, https:\/\/camuroproducciones.cl\/wp-content\/uploads\/2023\/08\/camuro-logo-paleta-de-color-2-600x600.png 600w, https:\/\/camuroproducciones.cl\/wp-content\/uploads\/2023\/08\/camuro-logo-paleta-de-color-2-100x100.png 100w\" sizes=\"(max-width: 3000px) 100vw, 3000px\" \/>\t\t\t\t\t\t\t\t\t\t\t\t\t\t\t<\/div>\n\t\t\t\t<\/div>\n\t\t\t\t\t<\/div>\n\t\t<\/div>\n\t\t\t\t\t\t\t<\/div>\n\t\t<\/section>\n\t\t\t\t<section class=\"elementor-section elementor-inner-section elementor-element elementor-element-8b44b26 elementor-section-content-middle elementor-reverse-mobile elementor-section-boxed elementor-section-height-default elementor-section-height-default\" data-id=\"8b44b26\" data-element_type=\"section\" data-settings=\"{&quot;background_background&quot;:&quot;classic&quot;}\">\n\t\t\t\t\t\t<div class=\"elementor-container elementor-column-gap-no\">\n\t\t\t\t\t<div class=\"elementor-column elementor-col-50 elementor-inner-column elementor-element elementor-element-0da66c6\" data-id=\"0da66c6\" data-element_type=\"column\">\n\t\t\t<div class=\"elementor-widget-wrap elementor-element-populated\">\n\t\t\t\t\t\t\t\t<div class=\"elementor-element elementor-element-58d5935 elementor-widget elementor-widget-image\" data-id=\"58d5935\" data-element_type=\"widget\" data-widget_type=\"image.default\">\n\t\t\t\t<div class=\"elementor-widget-container\">\n\t\t\t\t\t\t\t\t\t\t\t\t\t\t\t<img loading=\"lazy\" decoding=\"async\" width=\"3000\" height=\"3000\" src=\"https:\/\/camuroproducciones.cl\/wp-content\/uploads\/2023\/08\/camuro-logo-paleta-de-color-2.png\" class=\"attachment-full size-full wp-image-28\" alt=\"\" srcset=\"https:\/\/camuroproducciones.cl\/wp-content\/uploads\/2023\/08\/camuro-logo-paleta-de-color-2.png 3000w, https:\/\/camuroproducciones.cl\/wp-content\/uploads\/2023\/08\/camuro-logo-paleta-de-color-2-300x300.png 300w, https:\/\/camuroproducciones.cl\/wp-content\/uploads\/2023\/08\/camuro-logo-paleta-de-color-2-1024x1024.png 1024w, https:\/\/camuroproducciones.cl\/wp-content\/uploads\/2023\/08\/camuro-logo-paleta-de-color-2-150x150.png 150w, https:\/\/camuroproducciones.cl\/wp-content\/uploads\/2023\/08\/camuro-logo-paleta-de-color-2-768x768.png 768w, https:\/\/camuroproducciones.cl\/wp-content\/uploads\/2023\/08\/camuro-logo-paleta-de-color-2-1536x1536.png 1536w, https:\/\/camuroproducciones.cl\/wp-content\/uploads\/2023\/08\/camuro-logo-paleta-de-color-2-2048x2048.png 2048w, https:\/\/camuroproducciones.cl\/wp-content\/uploads\/2023\/08\/camuro-logo-paleta-de-color-2-600x600.png 600w, https:\/\/camuroproducciones.cl\/wp-content\/uploads\/2023\/08\/camuro-logo-paleta-de-color-2-100x100.png 100w\" sizes=\"(max-width: 3000px) 100vw, 3000px\" \/>\t\t\t\t\t\t\t\t\t\t\t\t\t\t\t<\/div>\n\t\t\t\t<\/div>\n\t\t\t\t\t<\/div>\n\t\t<\/div>\n\t\t\t\t<div class=\"elementor-column elementor-col-50 elementor-inner-column elementor-element elementor-element-5f0472f\" data-id=\"5f0472f\" data-element_type=\"column\">\n\t\t\t<div class=\"elementor-widget-wrap elementor-element-populated\">\n\t\t\t\t\t\t\t\t<div class=\"elementor-element elementor-element-91a8781 elementor-vertical-align-top elementor-widget elementor-widget-image-box\" data-id=\"91a8781\" data-element_type=\"widget\" data-widget_type=\"image-box.default\">\n\t\t\t\t<div class=\"elementor-widget-container\">\n\t\t\t<div class=\"elementor-image-box-wrapper\"><div class=\"elementor-image-box-content\"><h4 class=\"elementor-image-box-title\"><h4 class=\"elementor-image-box-title elementor-inline-editing pen\" data-elementor-setting-key=\"title_text\" data-elementor-inline-editing-toolbar=\"none\" data-pen-placeholder=\"Teclea aqu\u00ed...\" style=\"outline-color: currentcolor; outline-style: none;\">Sof\u00eda Burdiles<span style=\"font-family: var( --e-global-typography-primary-font-family ), Sans-serif; font-size: 1.5rem;\"><\/span><\/h4><\/h4><\/div><\/div>\t\t<\/div>\n\t\t\t\t<\/div>\n\t\t\t\t<div class=\"elementor-element elementor-element-b088a62 elementor-widget elementor-widget-text-editor\" data-id=\"b088a62\" data-element_type=\"widget\" data-widget_type=\"text-editor.default\">\n\t\t\t\t<div class=\"elementor-widget-container\">\n\t\t\t\t\t\t\t<p>Dise\u00f1adora de Vestuario y Textil con menci\u00f3n en Alta Moda. Encargada de patronaje y l\u00f3gicas de confecci\u00f3n en Camuro Producciones. Con gran inter\u00e9s en los mundos de ciencia ficci\u00f3n y fantas\u00eda.<\/p>\t\t\t\t\t\t<\/div>\n\t\t\t\t<\/div>\n\t\t\t\t\t<\/div>\n\t\t<\/div>\n\t\t\t\t\t\t\t<\/div>\n\t\t<\/section>\n\t\t\t\t\t<\/div>\n\t\t<\/div>\n\t\t\t\t\t\t\t<\/div>\n\t\t<\/section>\n\t\t\t\t\t\t\t<\/div>\n\t\t","protected":false},"excerpt":{"rendered":"<p>Nancy Sepulveda Dise\u00f1adora Esc\u00e9nica,Funcionaria y docente en el Departamento de Teatro de la Facultad de Artes de la Universidad de Chile. Creadora y directora de Camuro Producciones Oscar A. Bahamondes Comunicador Audiovisual y Recreador Hist\u00f3rico desde 2013. Uno de los fundadores de la agrupaci\u00f3n hist\u00f3rica Nahr al ass\u00ed, recreaci\u00f3n medieval de oriente medio. Fot\u00f3grafo, Editor [&hellip;]<\/p>\n","protected":false},"author":1,"featured_media":0,"parent":0,"menu_order":0,"comment_status":"closed","ping_status":"closed","template":"elementor_header_footer","meta":{"_monsterinsights_skip_tracking":false,"_monsterinsights_sitenote_active":false,"_monsterinsights_sitenote_note":"","_monsterinsights_sitenote_category":0,"footnotes":""},"aioseo_notices":[],"_links":{"self":[{"href":"https:\/\/camuroproducciones.cl\/index.php?rest_route=\/wp\/v2\/pages\/98"}],"collection":[{"href":"https:\/\/camuroproducciones.cl\/index.php?rest_route=\/wp\/v2\/pages"}],"about":[{"href":"https:\/\/camuroproducciones.cl\/index.php?rest_route=\/wp\/v2\/types\/page"}],"author":[{"embeddable":true,"href":"https:\/\/camuroproducciones.cl\/index.php?rest_route=\/wp\/v2\/users\/1"}],"replies":[{"embeddable":true,"href":"https:\/\/camuroproducciones.cl\/index.php?rest_route=%2Fwp%2Fv2%2Fcomments&post=98"}],"version-history":[{"count":19,"href":"https:\/\/camuroproducciones.cl\/index.php?rest_route=\/wp\/v2\/pages\/98\/revisions"}],"predecessor-version":[{"id":218,"href":"https:\/\/camuroproducciones.cl\/index.php?rest_route=\/wp\/v2\/pages\/98\/revisions\/218"}],"wp:attachment":[{"href":"https:\/\/camuroproducciones.cl\/index.php?rest_route=%2Fwp%2Fv2%2Fmedia&parent=98"}],"curies":[{"name":"wp","href":"https:\/\/api.w.org\/{rel}","templated":true}]}}